s digit of 124788962?
7
What is the billions digit of 7388794428?
7
What is the hundred millions digit of 1106653567?
1
What is the tens digit of 90321625?
2
What is the ten thousands digit of 224807615?
0
What is the ten thousands digit of 1401714591?
1
What is the thousands digit of 25370?
5
What is the tens digit of 4133139854?
5
What is the millions digit of 2202718?
2
What is the millions digit of 26583863?
6
What is the units digit of 16708628?
8
What is the thousands digit of 2851856?
1
What is the ten millions digit of 2827064178?
2
What is the millions digit of 198958772?
8
What is the ten thousands digit of 1052014119?
1
What is the ten millions digit of 13899943?
1
What is the units digit of 279826079?
9
What is the ten thousands digit of 248055233?
5
What is the hundreds digit of 516722516?
5
What is the hundreds digit of 5894975941?
9
What is the thousands digit of 169352853?
2
What is the millions digit of 490554632?
0
What is the ten thousands digit of 116447875?
4
What is the units digit of 4464013380?
0
What is the tens digit of 57734043?
4
What is the ten thousands digit of 351906164?
0
What is the hundreds digit of 17835078?
0
What is the hundred thousands digit of 20074408?
0
What is the millions digit of 18142495?
8
What is the thousands digit of 648014695?
4
What is the thousands digit of 56040086?
0
What is the ten millions digit of 5436097383?
3
What is the units digit of 3197966?
6
What is the thousands digit of 526144354?
4
What is the ten thousands digit of 207726873?
2
What is the ten millions digit of 88087954?
8
What is the units digit of 60237699?
9
What is the tens digit of 1919826993?
9
What is the ten thousands digit of 70272619?
7
What is the tens digit of 3026184?
8
What is the hundred thousands digit of 355978435?
9
What is the ten thousands digit of 1382166297?
6
What is the tens digit of 27313303?
0
What is the hundred thousands digit of 3163374162?
3
What is the units digit of 18990789?
9
What is the hundred millions digit of 550664279?
5
What is the hundred millions digit of 118283451?
1
What is the hundred millions digit of 4376670843?
3
What is the ten millions digit of 1126667557?
2
What is the units digit of 237968811?
1
What is the units digit of 85593800?
0
What is the hundred millions digit of 474207243?
4
What is the hundred thousands digit of 2404469464?
4
What is the thousands digit of 82545222?
5
What is the hundred thousands digit of 4492229674?
2
What is the hundreds digit of 122632275?
2
What is the thousands digit of 1409981067?
1
What is the tens digit of 139518472?
7
What is the hundreds digit of 9844110?
1
What is the ten thousands digit of 2423645993?
4
What is the hundreds digit of 137202177?
1
What is the thousands digit of 745889290?
9
What is the thousands digit of 7319766825?
6
What is the millions digit of 5410371626?
0
What is the hundreds digit of 177601044?
0
What is the ten millions digit of 390977669?
9
What is the ten millions digit of 840688524?
4
What is the ten millions digit of 122671233?
2
What is the millions digit of 324996811?
4
What is the ten thousands digit of 47531345?
3
What is the billions digit of 1405469375?
1
What is the millions digit of 450916655?
0
What is the hundred millions digit of 532806670?
5
What is the ten millions digit of 349992819?
4
What is the hundreds digit of 596259688?
6
What is the hundreds digit of 320907538?
5
What is the thousands digit of 75188021?
8
What is the units digit of 1737187500?
0
What is the ten millions digit of 5004940097?
0
What is the hundred thousands digit of 111098673?
0
What is the hundreds digit of 230565549?
5
What is the millions digit of 1531498815?
1
What is the hundred thousands digit of 84629300?
6
What is the ten thousands digit of 2309549?
0
What is the hundred millions digit of 1920865296?
9
What is the hundreds digit of 390126520?
5
What is the millions digit of 293029882?
3
What is the thousands digit of 178542404?
2
What is the hundreds digit of 62440621?
6
What is the units digit of 208830338?
8
What is the millions digit of 118057674?
8
What is the millions digit of 18543478?
8
What is the ten thousands digit of 1783978403?
7
What is the units digit of 200073347?
7
What is the hundred thousands digit of 6306012736?
0
What is the hundreds digit of 653337019?
0
What is the ten millions digit of 335370914?
3
What is the millions digit of 3353498493?
3
What is the hundred thousands digit of 2628987079?
9
What is the hundred millions digit of 470902106?
4
What is the ten thousands digit of 435322185?
2
What is the hundred millions digit of 388878445?
3
What is the hundred thousands digit of 244677699?
6
What is the tens digit of 70090911?
1
What is the thousands digit of 300456368?
6
What is the units digit of 108634711?
1
What is the billions digit of 1802517057?
1
What is the hundreds digit of 43683519?
5
What is the billions digit of 1109372068?
1
What is the thousands digit of 478132961?
2
What is the tens digit of 149133299?
9
What is the ten millions digit of 2262962029?
6
What is the hundred millions digit of 3069210217?
0
What is the millions digit of 81230554?
1
What is the hundreds digit of 23546824?
8
What is the hundred thousands digit of 132798706?
7
What is the hundreds digit of 79695719?
7
What is the units digit of 86008816?
6
What is the ten thousands digit of 649443068?
4
What is the ten thousands digit of 446010582?
1
What is the millions digit of 96125617?
6
What is the ten thousands digit of 58327650?
2
What is the tens digit of 6352266?
6
What is the thousands digit of 417273033?
3
What is the thousands digit of 5551073?
1
What is the tens digit of 39878720?
2
What is the thousands digit of 89735803?
5
What is the ten thousands digit of 117216868?
1
What is the thousands digit of 167139178?
9
What is the hundred thousands digit of 634004684?
0
What is the hundreds digit of 3235108?
1
What is the hundred thousands digit of 1712800203?
8
What is the ten millions digit of 1740752808?
4
What is the units digit of 237293747?
7
What is the hundred thousands digit of 1823471?
8
What is the hundreds digit of 55204326?
3
What is the hundreds digit of 18753162?
1
What is the hundred thousands digit of 68173888?
1
What is the ten thousands digit of 1350813026?
1
What is the tens digit of 300806190?
9
What is the thousands digit of 681885140?
5
What is the ten thousands digit of 588031483?
3
What is the ten thousands digit of 6640081725?
8
What is the ten millions digit of 4270652188?
7
What is the millions digit of 55303016?
5
What is the units digit of 87839690?
0
What is the hundred thousands digit of 40067590?
0
What is the thousands digit of 272390565?
0
What is the thousands digit of 153664623?
4
What is the hundreds digit of 1281483019?
0
What is the millions digit of 834717222?
4
What is the hundred thousands digit of 64712658?
7
What is the tens digit of 3525511799?
9
What is the units digit of 1003100045?
5
What is the ten thousands digit of 133045005?
4
What is the units digit of 190107440?
0
What is the ten millions digit of 214363354?
1
What is the ten thousands digit of 7499141750?
4
What is the hundreds digit of 62159512?
5
What is the hundred thousands digit of 27219720?
2
What is the tens digit of 2081966479?
7
What is the ten millions digit of 108015264?
0
What is the thousands digit of 244885756?
5
What is the billions digit of 4076205003?
4
What is the millions digit of 32895383?
2
What is the millions digit of 1035696691?
5
What is the hundred millions digit of 1557592867?
5
What is the hundreds digit of 154787580?
5
What is the billions digit of 4359691697?
4
What is the hundred thousands digit of 219870181?
8
What is the hundred thousands digit of 9599028?
5
What is the ten thousands digit of 123716901?
1
What is the hundreds digit of 38733707?
7
What is the thousands digit of 42092375?
2
What is the billions digit of 1581896618?
1
What is the ten millions digit of 34815312?
3
What is the hundred thousands digit of 81948971?
9
What is the hundreds digit of 641542702?
7
What is the billions digit of 2499340465?
2
What is the thousands digit of 730218993?
8
What is the tens digit of 179547396?
9
What is the hundreds digit of 32324505?
5
What is the thousands digit of 1